r(a) = 3*a**3 + 24*a**2 - a + 11. Determine r(-8).
19
Let n(j) = -45*j**2 + 229*j - 9. Determine n(5).
11
Let z(w) = 2*w**3 - 40*w**2 + 16*w - 313. What is z(20)?
7
Let a(k) = -1257*k + 2221. What is a(2)?
-293
Let z(f) = -20*f - 101. What is z(-4)?
-21
Let v(a) = -a**3 - 17*a**2 + 153*a + 357. Give v(-23).
12
Let p(j) = -217*j - 3811. Determine p(-18).
95
Let g(t) = 716*t**3 - 10*t**2 + 17*t - 7. Give g(1).
716
Let f(h) = 193*h - 13503. What is f(70)?
7
Let l(a) = -4*a**3 + 142*a**2 - 1132*a + 44. Give l(12).
-4
Let z(n) = 64*n + 388. What is z(-12)?
-380
Let g(s) = s**2 + 14*s - 1177. Determine g(-43).
70
Let k(o) = -2*o**3 + 172*o**2 + o - 72. What is k(86)?
14
Let i(t) = 4*t**2 + 126*t - 104. What is i(-35)?
386
Let r(p) = -4*p**2 + 14*p - 134. Determine r(8).
-278
Let s(d) = 208*d - 245. Calculate s(1).
-37
Let j(z) = 152*z + 2430. Determine j(-16).
-2
Let v(l) = -5*l**2 - 2*l + 52. Calculate v(7).
-207
Let z(p) = 35*p - 425. Calculate z(6).
-215
Let f(g) = 17*g**2 - 9*g - 8. Determine f(-1).
18
Let p(a) = 8*a**2 - 54*a - 3. Determine p(7).
11
Let j(k) = -37*k - 209. Determine j(-6).
13
Let w(m) = 69*m - 1138. Determine w(16).
-34
Let k(h) = h**2 - 43*h - 552. Calculate k(51).
-144
Let a(b) = -50*b + 148. Give a(6).
-152
Let j(k) = k**2 + 93*k - 818. What is j(-101)?
-10
Let m(q) = 1753*q + 17545. Determine m(-10).
15
Let m(h) = 63*h**2 - 4410*h + 11. What is m(70)?
11
Let m(q) = q**3 - 129*q**2 + 129*q - 137. Determine m(128).
-9
Let t(r) = -161*r + 1307. Calculate t(11).
-464
Let y(d) = 4*d**2 - 340*d + 2917. Determine y(75).
-83
Let y(u) = 36*u - 43. Determine y(5).
137
Let o(f) = 14*f - 721. Determine o(38).
-189
Let q(z) = -z**3 - 8*z**2 + 7*z + 27. Give q(-5).
-83
Let j(z) = -2*z**2 + 824*z + 2463. What is j(-3)?
-27
Let h(s) = 63*s + 370. Calculate h(-6).
-8
Let x(y) = 780*y + 6247. Determine x(-8).
7
Let x(k) = 176*k - 43. Calculate x(6).
1013
Let n(v) = v**3 + 60*v**2 - 66*v - 299. What is n(-61)?
6
Let q(x) = -x**2 + 294*x + 1493. What is q(-5)?
-2
Let h(b) = -b**3 - 8*b**2 + 45*b - 25. Determine h(-12).
11
Let i(v) = 3*v + 41. Calculate i(-16).
-7
Let p(d) = -65*d - 8. What is p(1)?
-73
Let t(n) = n**3 + 61*n**2 + 19*n + 1270. Give t(-61).
111
Let t(i) = 47*i + 4413. Determine t(-94).
-5
Let a(j) = 3*j**3 + 8*j**2 - 18*j + 7. Determine a(3).
106
Let z(q) = 204*q**2 - 3*q - 4. Determine z(-1).
203
Let b(t) = -119*t + 256. Give b(2).
18
Let v(n) = 318*n + 17137. Give v(-54).
-35
Let g(h) = 3*h**3 + h**2 - 7*h - 13. Determine g(-5).
-328
Let z(m) = m**3 - 33*m**2 + 22*m + 272. Calculate z(32).
-48
Let j(o) = -6*o**2 + 230*o + 159. Determine j(39).
3
Let o(m) = m**3 - 18*m**2 - 37*m + 955. Determine o(17).
37
Let o(r) = 46*r - 523. Determine o(11).
-17
Let q(n) = 12*n**2 + 487*n + 257. Calculate q(-40).
-23
Let o(t) = 245*t - 5816. What is o(25)?
309
Let s(a) = -a**2 - 101*a - 752. Give s(-8).
-8
Let m(u) = -3*u**2 - 22*u + 156. What is m(-12)?
-12
Let x(g) = 2*g**2 - 24*g - 273. Calculate x(19).
-7
Let y(q) = -q**2 + q - 8. Give y(5).
-28
Let p(t) = t**3 + 119*t**2 + 111*t - 829. Determine p(-118).
-3
Let j(t) = 11*t - 642. What is j(38)?
-224
Let b(c) = -436*c + 6963. Give b(16).
-13
Let h(i) = -6*i**3 + 120*i**2 + 6*i + 48. What is h(20)?
168
Let n(h) = 259*h + 33. Calculate n(1).
292
Let f(n) = 2*n**2 - 54*n + 454. Calculate f(28).
510
Let y(x) = 11*x + 197. Determine y(-10).
87
Let c(l) = l**3 - 50*l**2 + 592*l - 70. Calculate c(31).
23
Let y(f) = f**2 + 6*f + 40. Give y(-12).
112
Let s(x) = x**3 + 21*x**2 + x + 5. What is s(-21)?
-16
Let n(k) = k**3 - 4*k**2 - 59*k + 3. Determine n(0).
3
Let f(v) = 3*v**2 + v - 10. Give f(3).
20
Let c(k) = 325*k - 1924. Calculate c(6).
26
Let a(s) = 2*s**3 - 40*s**2 + 2*s - 38. Calculate a(20).
2
Let j(a) = -a**3 + 5*a**2 + 8*a - 5. Determine j(3).
37
Let v(s) = 37*s - 849. Determine v(34).
409
Let h(y) = 84*y**3 - 515*y - 516. What is h(-1)?
-85
Let f(k) = 5*k**2 + 49*k + 22. Calculate f(-9).
-14
Let i(n) = 9*n**2 - 72*n + 12. Calculate i(8).
12
Let g(x) = -8*x**2 + 103*x - 160. Give g(11).
5
Let l(w) = w**3 + 7*w**2 + 3*w - 10. Calculate l(-4).
26
Let j(c) = -c**2 + 14*c - 6. Calculate j(15).
-21
Let u(y) = y**2 - 221*y + 4908. Calculate u(25).
8
Let k(v) = -35*v + 2449. What is k(80)?
-351
Let f(a) = 91*a**2 - 540*a - 53. Give f(6).
-17
Let c(f) = -207*f + 5864. Calculate c(28).
68
Let l(x) = 61*x + 599. What is l(-10)?
-11
Let g(c) = 348*c - 13262. Give g(38).
-38
Let l(d) = 7*d**2 - 53*d + 55. Determine l(10).
225
Let u(b) = b**2 + 586*b - 5355. Calculate u(9).
0
Let b(i) = -453*i + 9039. Calculate b(20).
-21
Let d(q) = q**3 + 9*q**2 + 18*q - 14. Calculate d(-6).
-14
Let b(k) = 11*k**2 - 106*k - 173. What is b(11)?
-8
Let n(o) = -707*o - 2818. Calculate n(-4).
10
Let w(z) = -17*z + 317. Calculate w(11).
130
Let c(h) = -h**3 - 6*h**2 - 7*h + 14. What is c(-5)?
24
Let y(f) = -20*f - 602. What is y(-31)?
18
Let v(x) = -3*x**2 + 2653*x - 18425. Determine v(7).
-1
Let v(i) = -10379*i + 114171. Determine v(11).
2
Let a(p) = p**3 - 202*p**2 + 1547*p + 1003. Give a(194).
33
Let g(a) = -a**3 + a**2 + 13*a - 41. Give g(5).
-76
Let x(q) = q**3 + 37*q**2 + 63*q + 981. Calculate x(-36).
9
Let l(j) = -j**2 + 38*j + 205. Give l(49).
-334
Let f(x) = -x**3 + 81*x**2 + 49*x + 2714. Calculate f(82).
8
Let x(p) = 3*p**3 + 205*p**2 + 66*p - 173. Calculate x(-68).
-37
Let s(u) = 2*u + 593. Calculate s(47).
687
Let v(g) = -g**2 - 15*g - 146. Determine v(-15).
-146
Let q(s) = 17*s + 248. Determine q(-24).
-160
Let s(h) = h**3 - 49*h**2 - 53*h + 193. Give s(50).
43
Let k(l) = -2*l**3 - 25*l**2 - 32*l - 43. Calculate k(-12).
197
Let i(k) = -1577*k + 15765. Determine i(10).
-5
Let x(a) = -4*a**2 + 103*a + 187. Determine x(28).
-65
Let o(n) = 44*n + 6386. Determine o(-145).
6
Let y(u) = 11*u**2 - 86*u + 24. What is y(7)?
-39
Let d(x) = 15*x**2 + 22*x + 24. Calculate d(-2).
40
Let y(f) = -136*f + 2075. What is y(15)?
35
Let u(y) = 4*y**2 - 217*y + 329. What is u(53)?
64
Let z(w) = -24*w**2 - 12*w - 13. Determine z(-1).
-25
Let d(w) = -w**2 - 38*w - 162. What is d(-34)?
-26
Let f(i) = i**3 - 9*i**2 - 41*i - 124. Calculate f(13).
19
Let s(v) = 10*v**2 - 14*v - 118. Calculate s(-6).
326
Let h(a) = -a**2 - 33*a + 544. Calculate h(-48).
-176
Let b(l) = -138*l + 2203. What is b(16)?
-5
Let m(u) = 2*u**3 + 27*u**2 + 17*u - 23. What is m(-12)?
205
Let k(y) = y**2 + 60*y - 8123. Determine k(65).
2
Let k(j) = j**3 + 7*j**2 - 81*j - 44. Determine k(-13).
-5
Let j(g) = g**3 + 13*g**2 + 37*g + 1395. Calculate j(-16).
35
Let i(y) = 15*y**2 + 20*y - 92. Give i(6).
568
Let m(r) = r**3 + 11*r**2 + 45*r + 202. Give m(-5).
127
Let g(j) = -40*j + 749. Give g(19).
-11
Let u(z) = 9*z + 334. Calculate u(-38).
-8
Let v(c) = 36*c**3 - 218*c**2 + 24*c - 74. Calculate v(6).
-2
Let i(g) = -14*g + 170. Determine i(12).
2
Let g(r) = -6*r + 28. Determine g(-18).
136
Let d(c) = -c**3 + 39*c**2 - 4*c + 135. Calculate d(39).
-21
Let w(r) = -2*r**2 - 34*r + 345. What is w(7)?
9
Let o(g) = 161*g - 3075. Determine o(19).
-16
Let v(s) = -10*s**2 + 304*s - 136. What is v(30)?
-16
Let g(a) = 17*a + 69. Calculate g(-5).
-16
Let f(u) = 3*u**2 + 35*u - 113. Calculate f(3).
19
Let l(i) = -1325*i + 83475. Calculate l(63).
0
Let k(q) = 3*q**2 - 11*q - 14. What is k(0)?
-14
Let r(x) = -497*x + 19380. Calculate r(39).
-3
Let v(p) = -436*p - 4372. Give v(-10).
-12
Let j(m) = m + 81. Determine j(0).
81
Let a(k) = -k**2 - 79*k + 999. Give a(-90).
9
Let y(h) = -499*h - 601. What is y(-1)?
-102
Let n(a) = -651*a - 6501. Determine n(-10).
9
Let i(c) = -2*c**2 - 79*c + 496. Give i(-46).
-102
Let l(j) = 2843*j - 17114. What is l(6)?
-56
Let l(i) = -30*i**3 + 10*i**2 + 10*i - 1. Calculate l(-1).
29
Let z(k) = -k**3 + 7*k**2 - 15*k + 232. Give z(9).
-65
Let r(t) = -4*t**3 - 3*t**2 + 5*t - 10. Calculate r(2).
-44
Let s(w) = -32*w + 771. Calculate s(24).
3
Let q(y) = -y**3 + 3*y**2 + 25*y - 160. Calculate q(7).
-181
Let w(x) = -x**3 - 58*x**2 + 919*x + 70. What is w(13)?
18
Let t(g) = -233*g - 456. Determine t(-2).
10
Let y(h) = -872*h + 6973. Determine y(8).
-3
Let v(p) = -25*p**2 - 3*p + 57. Give v(5).
-583
Let r(k) = -2*k**3 - 200*k**2 + 410*k + 193. Determine r(-102).
-11
Let h(l) = -5*l + 159. Give h(32).
-1
Let i(c) = 29*c**3 - 18*c**2 + 5*c - 5. Determine i(2).
1